
Is 4867 prime?
False
Is 299003 a prime number?
False
Is 97987 composite?
False
Is 126307 composite?
False
Is 118787 prime?
True
Is 334189 prime?
True
Is 7171 a prime number?
False
Is 1018237 composite?
True
Is 7669 a composite number?
False
Is 1317331 composite?
True
Is 15391 composite?
False
Is 11677 composite?
False
Is 1907891 prime?
False
Is 61781 composite?
False
Is 2287573 composite?
True
Is 104281 a composite number?
False
Is 1866649 prime?
True
Is 78059 a composite number?
False
Is 6619 a prime number?
True
Is 25057 prime?
True
Is 4849 composite?
True
Is 3433 a composite number?
False
Is 46333 a prime number?
False
Is 1798123 a prime number?
True
Is 128563 a prime number?
True
Is 12623 a composite number?
True
Is 35339 prime?
True
Is 28319 prime?
True
Is 17943 composite?
True
Is 389357 composite?
False
Is 41461 prime?
False
Is 1977 composite?
True
Is 697 composite?
True
Is 1222822 a composite number?
True
Is 218333 prime?
False
Is 42087 prime?
False
Is 23549 composite?
False
Is 81667 prime?
True
Is 64049 a prime number?
False
Is 11579 a composite number?
False
Is 212387 a composite number?
True
Is 194537 prime?
False
Is 90893 a composite number?
True
Is 1723 composite?
False
Is 86627 a prime number?
True
Is 9871 composite?
False
Is 884243 composite?
False
Is 52051 a composite number?
False
Is 10007 a prime number?
True
Is 2111 a prime number?
True
Is 49663 a prime number?
True
Is 35363 a prime number?
True
Is 253949 a composite number?
False
Is 302683 a prime number?
False
Is 1566079 a prime number?
True
Is 38989 a prime number?
False
Is 2236555 a prime number?
False
Is 42505 composite?
True
Is 37691 a prime number?
True
Is 120017 prime?
True
Is 41497 a prime number?
False
Is 7713397 a composite number?
False
Is 33047 composite?
True
Is 634327 composite?
False
Is 12223 composite?
True
Is 165901 prime?
True
Is 135461 a prime number?
True
Is 28709 a composite number?
True
Is 541181 a prime number?
True
Is 1402 composite?
True
Is 269303 prime?
False
Is 360749 a prime number?
True
Is 121949 a prime number?
True
Is 132571 a composite number?
True
Is 68729 prime?
True
Is 39821 a prime number?
True
Is 776827 a composite number?
True
Is 378779 a prime number?
True
Is 405761 composite?
True
Is 221707 a prime number?
True
Is 16843 prime?
True
Is 24733 a prime number?
True
Is 149849 a composite number?
True
Is 551651 a prime number?
True
Is 31907 composite?
False
Is 14683 a composite number?
False
Is 8419 a composite number?
False
Is 124721 prime?
True
Is 96361 composite?
True
Is 20939 composite?
False
Is 1165 composite?
True
Is 1411 a composite number?
True
Is 39341 a composite number?
False
Is 139021 prime?
True
Is 342857 a prime number?
False
Is 4413 composite?
True
Is 20981 composite?
False
Is 88441 prime?
False
Is 21529 a composite number?
False
Is 1993 prime?
True
Is 7627637 prime?
True
Is 1403097 a prime number?
False
Is 11719 a composite number?
False
Is 3559271 a composite number?
True
Is 38039 prime?
True
Is 14101 prime?
False
Is 24789 prime?
False
Is 339197 a prime number?
False
Is 126695 prime?
False
Is 20593 prime?
True
Is 1161295 prime?
False
Is 2090003 a composite number?
False
Is 20053 a composite number?
True
Is 124205 composite?
True
Is 1994 prime?
False
Is 277159 prime?
False
Is 740878 a prime number?
False
Is 55763 a composite number?
False
Is 86937 prime?
False
Is 6563 prime?
True
Is 20143 a prime number?
True
Is 14834 a composite number?
True
Is 1354879 composite?
True
Is 393847 a composite number?
False
Is 103319 prime?
True
Is 1931 composite?
False
Is 9511 prime?
True
Is 87299 a prime number?
True
Is 43385 a composite number?
True
Is 11057 composite?
False
Is 282329 composite?
True
Is 469631 a composite number?
False
Is 801897 composite?
True
Is 116437 composite?
False
Is 9007 prime?
True
Is 35491 prime?
True
Is 108089 prime?
True
Is 9091 a composite number?
False
Is 907549 a prime number?
True
Is 49561 a composite number?
True
Is 478631 a composite number?
False
Is 958969 prime?
False
Is 91753 composite?
False
Is 19813 a composite number?
False
Is 15859 prime?
True
Is 29119 a composite number?
True
Is 25691 a composite number?
True
Is 22342 a prime number?
False
Is 3185551 composite?
False
Is 114461 a composite number?
True
Is 45281 composite?
False
Is 10729 prime?
True
Is 7297 composite?
False
Is 52361 prime?
True
Is 2082295 a prime number?
False
Is 665111 composite?
False
Is 1397 prime?
False
Is 6233 a composite number?
True
Is 10973 a prime number?
True
Is 8143 composite?
True
Is 24991 composite?
True
Is 1159811 a composite number?
False
Is 62963 a composite number?
True
Is 32771 a composite number?
False
Is 16201 composite?
True
Is 5755 a prime number?
False
Is 307 a prime number?
True
Is 478951 a prime number?
False
Is 78557 a composite number?
True
Is 54097 a prime number?
False
Is 205243 a prime number?
False
Is 37691 a prime number?
True
Is 3518 prime?
False
Is 25157 a composite number?
True
Is 84397 prime?
False
Is 40759 a prime number?
True
Is 5021 composite?
False
Is 369319 a prime number?
True
Is 597637 composite?
False
Is 1458487 prime?
True
Is 2317 a composite number?
True
Is 4751 composite?
False
Is 4069 composite?
True
Is 463723 a prime number?
False
Is 686509 a composite number?
True
Is 427127 prime?
False
Is 39707 prime?
False
Is 5147 composite?
False
Is 17359 composite?
False
Is 153251 a prime number?
False
Is 417949 prime?
False
Is 494843 composite?
False
Is 11863 a composite number?
False
Is 8779 a prime number?
True
Is 524047 composite?
False
Is 154439 prime?
True
Is 139027 composite?
True
Is 260999 prime?
True
Is 449941 a composite number?
False
Is 8419 a prime number?
True
Is 1380809 a prime number?
False
Is 673 a prime number?
True
Is 19733 a prime number?
False
Is 21089 prime?
True
Is 1399 composite?
False
Is 190507 composite?
False
Is 20873 composite?
False
Is 11963 prime?
False
Is 17165 composite?
True
Is 46963 composite?
True
Is 1037 composite?
True
Is 5623 a prime number?
True
Is 8101 prime?
True
Is 22343 a prime number?
True
Is 132103 a prime number?
True
Is 1760359 a prime number?
True
Is 20593 a prime number?
True
Is 1073 composite?
True
Is 178401 a prime number?
False
Is 11279 a composite number?
False
Is 699077 a prime number?
True
Is 587 a prime number?
True
Is 49003 composite?
False
Is 209939 a prime number?
True
Is 623 a composite number?
True
Is 91021 a prime number?
False
Is 664165 prime?
False
Is 10942 a prime number?
False
Is 2413673 composite?
True
Is 135301 prime?
True
Is 1092583 composite?
False
Is 73067 a composite number?
True
Is 27773 prime?
True
Is 633 a prime number?
False
Is 331343 composite?
True
Is 169411 a prime number?
False
Is 12205 a composite number?
True
Is 111278 composite?
True
Is 23531 prime?
True
Is 17783 a prime number?
True
Is 105893 a prime number?
False
Is 46723 composite?
False
Is 718559 a prime number?
True
Is 685231 composite?
False
Is 446221 a prime number?
True
Is 37 a composite number?
False
Is 2729 prime?
True
Is 25867 a prime number?
True
Is 945143 a composite number?
False
Is 23362 a composite number?
True
Is 57637 a composite number?
False
Is 48233 prime?
False
Is 212545 a prime number?
False
Is 77429 composite?
True
Is 769883 composite?
True
Is 707 a prime number?
False
Is 14621 prime?
True
Is 57619 composite?
True
Is 1843 a prime number?
False
Is 15161 prime?
True
Is 3791 prime?
False
Is 86627 prime?
True
Is 70601 a prime number?
False
Is 7907 composite?
False
Is 179057 prime?
True
Is 397 composite?
False
Is 40483 composite?
False
Is 26417 a prime number?
True
Is 44521 a composite number?
True
Is 512377 prime?
False
Is 1754113 a composite number?
False
Is 706 composite?
True
Is 25003 prime?
False
Is 282767 composite?
False
Is 6619 prime?
True
Is 10117 a composite number?
True
Is 593353 prime?
True
Is 518933 prime?
True
Is 109037 prime?
True
Is 238499 prime?
True
Is 1219343 a prime number?
True
Is 10133 prime?
True
Is 749195 a composite number?
True
Is 1477799 a composite number?
True
Is 416201 prime?
True
Is 14243 prime?
True
Is 256687 prime?
True
Is 44911 prime?
False
Is 1227 a prime number?
False
Is 24749 composite?
False
Is 181453 a composite number?
True
Is 349777 a composite number?
True
Is 38267 a prime number?
False
Is 166789 a prim